hat is 13 (base 7) in base 8?
12
-11 (base 6) to base 5
-12
Convert -4 (base 14) to base 2.
-100
What is 1c (base 13) in base 16?
19
What is 1001101 (base 2) in base 13?
5c
Convert -6 (base 13) to base 5.
-11
15 (base 8) to base 15
d
-24 (base 8) to base 7
-26
-162 (base 11) to base 8
-275
What is d9 (base 16) in base 4?
3121
Convert 3 (base 8) to base 15.
3
Convert -1b5 (base 13) to base 16.
-13d
Convert -5 (base 12) to base 16.
-5
Convert 8 (base 14) to base 15.
8
What is 5 (base 8) in base 14?
5
28 (base 11) to base 5
110
-12 (base 8) to base 9
-11
What is -2 (base 13) in base 11?
-2
Convert -2111 (base 5) to base 4.
-10121
-1011 (base 2) to base 8
-13
1101 (base 3) to base 2
100101
-112 (base 11) to base 3
-11222
-10310 (base 4) to base 3
-102102
Convert 3 (base 6) to base 10.
3
What is 10221 (base 3) in base 12?
8a
What is 4 (base 7) in base 10?
4
-1112 (base 3) to base 6
-105
Convert -a7 (base 14) to base 3.
-12110
13 (base 4) to base 13
7
Convert 1 (base 2) to base 14.
1
What is -6 (base 16) in base 14?
-6
2 (base 16) to base 7
2
What is -11 (base 2) in base 10?
-3
2 (base 5) to base 9
2
Convert 1 (base 15) to base 7.
1
What is 101 (base 2) in base 6?
5
What is 0 (base 16) in base 2?
0
What is -212 (base 3) in base 4?
-113
3 (base 16) to base 2
11
Convert 4 (base 15) to base 13.
4
440 (base 5) to base 7
231
-12 (base 10) to base 5
-22
Convert -2 (base 6) to base 10.
-2
Convert -24 (base 12) to base 3.
-1001
31 (base 5) to base 4
100
What is -1 (base 8) in base 3?
-1
-9 (base 16) to base 8
-11
60 (base 7) to base 6
110
What is 2 (base 5) in base 15?
2
-4 (base 7) to base 3
-11
What is -3 (base 13) in base 12?
-3
Convert -54 (base 9) to base 4.
-301
-2 (base 14) to base 16
-2
Convert -1 (base 6) to base 9.
-1
What is 10010101 (base 2) in base 6?
405
1 (base 9) to base 8
1
Convert 1 (base 13) to base 14.
1
-57 (base 8) to base 4
-233
What is 18 (base 11) in base 5?
34
What is -2 (base 16) in base 14?
-2
372 (base 8) to base 3
100021
-54 (base 14) to base 3
-2202
-3 (base 6) to base 8
-3
What is 2 (base 11) in base 14?
2
Convert 10 (base 2) to base 15.
2
What is 25 (base 7) in base 10?
19
-41 (base 13) to base 16
-35
-43 (base 8) to base 10
-35
-233 (base 8) to base 2
-10011011
Convert -6 (base 12) to base 2.
-110
13c (base 13) to base 14
11a
-8 (base 12) to base 16
-8
What is 0 (base 9) in base 14?
0
Convert -22 (base 14) to base 9.
-33
What is -1 (base 7) in base 4?
-1
Convert 78 (base 9) to base 14.
51
Convert -a (base 12) to base 6.
-14
Convert -1a (base 16) to base 4.
-122
What is 3 (base 8) in base 14?
3
Convert -51 (base 8) to base 11.
-38
What is -333 (base 5) in base 13?
-72
Convert 41 (base 5) to base 4.
111
Convert -22 (base 14) to base 9.
-33
112 (base 5) to base 9
35
Convert 5 (base 16) to base 10.
5
-242 (base 5) to base 3
-2200
What is 255 (base 6) in base 2?
1101011
Convert 1 (base 13) to base 14.
1
What is 0 (base 6) in base 11?
0
Convert -203 (base 4) to base 16.
-23
-1 (base 3) to base 6
-1
Convert 1011 (base 2) to base 7.
14
c4 (base 16) to base 7
400
Convert -6 (base 11) to base 4.
-12
16 (base 11) to base 5
32
What is -13 (base 12) in base 14?
-11
2 (base 3) to base 10
2
What is -11 (base 3) in base 10?
-4
Convert -1 (base 4) to base 16.
-1
Convert 2 (base 14) to base 15.
2
What is 2 (base 12) in base 2?
10
Convert -42 (base 9) to base 2.
-100110
Convert 71 (base 11) to base 13.
60
What is -c (base 15) in base 14?
-c
-210 (base 7) to base 6
-253
2 (base 15) to base 16
2
Convert -2133 (base 5) to base 14.
-16d
What is -1032 (base 4) in base 8?
-116
What is -29 (base 16) in base 5?
-131
Convert 2 (base 8) to base 9.
2
-24 (base 9) to base 2
-10110
Convert -10 (base 3) to base 12.
-3
-1 (base 10) to base 14
-1
Convert -3 (base 11) to base 10.
-3
What is 1111 (base 2) in base 16?
f
What is 0 (base 12) in base 2?
0
Convert b2 (base 15) to base 11.
142
Convert -12 (base 16) to base 7.
-24
5 (base 15) to base 6
5
Convert 1 (base 11) to base 10.
1
2 (base 16) to base 15
2
Convert 30 (base 11) to base 6.
53
101 (base 2) to base 5
10
What is -76 (base 10) in base 5?
-301
Convert -1022 (base 3) to base 8.
-43
What is 9b (base 14) in base 13?
a7
Convert 25 (base 14) to base 9.
36
What is 8 (base 11) in base 8?
10
-10 (base 3) to base 7
-3
Convert 12 (base 8) to base 9.
11
6 (base 15) to base 2
110
Convert -30 (base 7) to base 8.
-25
What is -142 (base 7) in base 9?
-87
-21010 (base 3) to base 14
-da
101222 (base 3) to base 4
10220
Convert -4 (base 12) to base 8.
-4
What is -11 (base 5) in base 3?
-20
-5 (base 6) to base 14
-5
Convert 14 (base 9) to base 15.
d
What is 3 (base 16) in base 15?
3
101 (base 3) to base 2
1010
What is 10 (base 14) in base 6?
22
-1 (base 9) to base 5
-1
What is 13 (base 16) in base 2?
10011
Convert 113 (base 4) to base 3.
212
Convert 3 (base 14) to base 6.
3
What is -43 (base 16) in base 13?
-52
105 (base 9) to base 13
68
Convert -3b (base 13) to base 4.
-302
Convert 14 (base 15) to base 3.
201
What is -1 (base 6) in base 3?
-1
Convert -97 (base 13) to base 8.
-174
What is 10 (base 9) in base 15?
9
Convert 2 (base 9) to base 2.
10
Convert 311 (base 4) to base 15.
38
-99 (base 10) to base 13
-78
What is -122 (base 8) in base 13?
-64
What is -110 (base 4) in base 3?
-202
What is -32 (base 10) in base 16?
-20
Convert 13 (base 6) to base 10.
9
What is 173 (base 8) in base 7?
234
Convert 37 (base 13) to base 2.
101110
What is 200 (base 4) in base 10?
32
Convert -22221 (base 3) to base 10.
-241
What is -5 (base 12) in base 15?
-5
Convert -101100 (base 2) to base 7.
-62
What is -1111 (base 2) in base 5?
-30
-82 (base 12) to base 13
-77
Convert -3 (base 6) to base 15.
-3
-114 (base 5) to base 3
-1021
What is -2 (base 8) in base 12?
-2
33 (base 5) to base 6
30
7 (base 16) to base 9
7
-6c (base 16) to base 7
-213
Convert 0 (base 13) to base 8.
0
Convert -2 (base 11) to base 10.
-2
Convert -15 (base 14) to base 8.
-23
-1 (base 13) to base 8
-1
Convert 27 (base 11) to base 15.
1e
What is 1 (base 16) in base 11?
1
What is 206 (base 9) in base 8?
250
Convert -1 (base 14) to base 9.
-1
11 (base 5) to base 16
6
4b (base 13) to base 7
120
What is -223 (base 4) in base 7?
-61
33 (base 8) to base 7
36
-8 (base 11) to base 9
-8
What is -13a (base 11) in base 12?
-118
Convert 33 (base 7) to base 12.
20
Convert -80 (base 10) to base 2.
-1010000
Convert -6 (base 10) to base 9.
-6
-150 (base 8) to base 13
-80
Convert 200 (base 7) to base 12.
82
What is -100010000 (base 2) in base 5?
-2042
Convert 6d (base 15) to base 11.
94
Convert 0 (base 10) to base 11.
0
37 (base 14) to base 10
49
What is 113 (base 6) in base 4?
231
What is 202 (base 6) in base 16?
4a
Convert -a4 (base 13) to base 10.
-134
Convert 20 (base 11) to base 14.
18
Convert -8a (base 14) to base 11.
-101
Convert -34 (base 5) to base 9.
-21
What is 3 (base 6) in base 14?
3
Convert -a8 (base 12) to base 5.
-1003
Convert 15 (base 7) to base 6.
20
Convert 25 (base 11) to base 3.
1000
What is -28 (base 11) in base 3?
-1010
Convert -102 (base 4) to base 10.
-18
What is -3a (base 16) in base 11?
-53
What is -145 (base 9) in base 3?
-11112
What is -100100000 (base 2) in base 8?
-440
Convert 56 (base 16) to base 14.
62
What is -4 (base 6) in base 5?
-4
What is 233 (base 10) in base 12?
175
-13 (base 7) to base 6
-14
Convert 1222 (base 3) to base 15.
38
Convert -11 (base 11) to base 10.
-12
413 (base 6) to base 4
2121
4 (base 8) to base 7
4
Convert 38 (base 10) to base 15.
28
What is -63 (base 7) in base 2?
-101101
What is -1c4 (base 15) in base 9?
-504
What is -431 (base 5) in base 8?
-164
Convert -13 (base 4) to base 11.
-7
Convert 3 (base 11) to base 12.
3
7 (base 9) to base 13
7
Convert -1101 (base 2) to base 7.
-16
-7 (base 10) to base 16
-7
What is -2 (base 12) in base 8?
-2
1 (base 16) to base 10
1
Convert 4 (base 5) to base 6.
4
Convert 12 (base 3) to base 8.
5
What is 1110 (base 2) in base 6?
22
What is -9 (base 16) in base 3?
-100
What is 110 (base 5) in base 11?
28
What is -20 (base 9) in base 14?
-14
-1 (base 5) to base 12
-1
Convert 13 (base 9) to base 7.
15
Convert -10100111 (base 2) to base 15.
-b2
What is -4b (base 16) in base 6?
-203
What is 150 (base 10) in base 4?
2112
4 (base 13) to base 16
4
-1 (base 14) to base 10
-1
Convert 2 (base 14) to base 16.
2